nd 91184?
278
Calculate the greatest common divisor of 4615 and 209534845.
4615
Calculate the highest common divisor of 47392618 and 364.
182
Calculate the highest common factor of 30562 and 242844.
826
Calculate the highest common divisor of 5852 and 37109688.
308
What is the greatest common divisor of 1865 and 3017197?
373
Calculate the greatest common divisor of 51 and 12741.
3
What is the highest common divisor of 154 and 427658?
154
Calculate the highest common divisor of 445 and 214180.
5
Calculate the greatest common factor of 30499 and 4949.
7
What is the greatest common divisor of 32758846 and 7399?
151
What is the greatest common factor of 827 and 8881153?
827
What is the highest common divisor of 2552 and 8897954?
58
What is the greatest common factor of 189392 and 2564240?
2128
What is the greatest common factor of 778 and 1470340644?
778
What is the greatest common divisor of 1703512 and 16?
8
What is the greatest common factor of 638 and 10641521?
319
What is the highest common factor of 8122 and 395227?
131
What is the highest common factor of 10350 and 417726?
414
What is the highest common divisor of 5189462 and 310?
62
What is the highest common factor of 104589 and 9162?
9
What is the greatest common factor of 111709007 and 118?
59
What is the highest common factor of 4563465 and 15?
15
What is the highest common factor of 38514 and 1590?
6
What is the highest common divisor of 199 and 43724479?
199
What is the greatest common factor of 30690 and 26596350?
990
Calculate the greatest common factor of 16022376 and 576.
72
What is the greatest common divisor of 118 and 39929902?
118
Calculate the greatest common factor of 24 and 569752344.
24
Calculate the highest common factor of 34697 and 1674719.
157
Calculate the greatest common factor of 14457302 and 2.
2
What is the highest common factor of 546786285 and 15?
15
Calculate the greatest common divisor of 280 and 44620280.
40
What is the greatest common factor of 21 and 4806746?
7
Calculate the greatest common factor of 7850 and 8192260.
1570
What is the highest common factor of 13938 and 934674?
138
Calculate the greatest common factor of 500387705 and 2740.
685
What is the greatest common divisor of 884366 and 147?
7
Calculate the highest common divisor of 268 and 6629851.
67
What is the greatest common factor of 26792 and 28254?
34
Calculate the greatest common divisor of 2962471 and 34.
17
Calculate the highest common factor of 10392692 and 488.
244
What is the greatest common factor of 611719446 and 348?
174
Calculate the greatest common divisor of 5710660429 and 389.
389
Calculate the greatest common factor of 51856800 and 68200.
6200
Calculate the greatest common factor of 69054 and 46822674.
4062
What is the greatest common factor of 17163 and 2513426?
1907
What is the highest common factor of 26286 and 11121?
1011
Calculate the greatest common divisor of 8609052 and 5856.
732
Calculate the highest common divisor of 145234290 and 4636.
2318
What is the highest common divisor of 3361400 and 7301000?
9800
What is the highest common factor of 2936220 and 4935?
105
What is the greatest common factor of 309648591 and 103?
103
What is the greatest common divisor of 7332 and 17340791?
611
What is the greatest common factor of 176903370 and 270?
90
What is the greatest common factor of 13476 and 1240608?
12
What is the highest common divisor of 130 and 364564135?
65
What is the greatest common factor of 45 and 175955235?
15
What is the greatest common divisor of 196161045 and 17?
17
What is the greatest common divisor of 4855711596 and 12?
12
Calculate the greatest common factor of 696382444 and 1996.
1996
Calculate the greatest common divisor of 1382448 and 32121.
249
What is the greatest common factor of 12 and 1431783?
3
Calculate the greatest common divisor of 1792 and 393394624.
448
Calculate the highest common factor of 16 and 287692.
4
What is the greatest common factor of 9150306 and 132?
66
Calculate the highest common divisor of 8 and 2635454.
2
Calculate the greatest common factor of 3 and 158041875.
3
What is the greatest common factor of 304 and 19396756?
4
Calculate the greatest common divisor of 45692128 and 32.
32
What is the greatest common divisor of 404016 and 111036?
228
Calculate the greatest common divisor of 2640 and 34142880.
240
What is the greatest common factor of 3105 and 245571?
69
Calculate the greatest common factor of 10894686 and 184.
46
What is the greatest common divisor of 1267433 and 78096?
1627
What is the greatest common divisor of 656 and 169709988?
164
What is the greatest common divisor of 14403843 and 8777?
131
Calculate the greatest common divisor of 1313186 and 2248848.
1358
Calculate the highest common factor of 194208 and 512.
32
What is the highest common divisor of 75520 and 1663210?
590
What is the highest common divisor of 60 and 987060?
60
What is the highest common factor of 486666 and 440838?
342
Calculate the highest common divisor of 623669815 and 53.
53
What is the greatest common factor of 65201 and 4633?
113
Calculate the greatest common factor of 1289605965 and 10095.
10095
Calculate the greatest common divisor of 174307689 and 9.
9
Calculate the greatest common divisor of 7720 and 560.
40
Calculate the greatest common factor of 5520 and 519539088.
1104
What is the highest common divisor of 62218576 and 224?
112
What is the greatest common factor of 1720 and 772880?
40
What is the highest common divisor of 19124454 and 1067798?
6394
Calculate the greatest common divisor of 74788790 and 1510.
1510
What is the highest common factor of 1186786 and 31064?
706
What is the highest common factor of 10136 and 20178242?
2534
Calculate the highest common divisor of 335603120 and 240.
80
Calculate the highest common divisor of 1167828480 and 5824.
5824
Calculate the greatest common divisor of 8151 and 306507487.
2717
Calculate the highest common divisor of 1326000 and 235365.
3315
Calculate the highest common factor of 1485 and 740575.
55
Calculate the highest common divisor of 8 and 294054556.
4
What is the greatest common divisor of 3417 and 1679124?
51
Calculate the highest common factor of 6831 and 201084147.
6831
What is the greatest common factor of 16292381 and 14?
7
Calculate the highest common factor of 324798126 and 1828.
914
What is the highest common factor of 2414 and 415847?
71
What is the highest common divisor of 10952 and 29600?
296
Calculate the greatest common factor of 24606 and 30582.
18
Calculate the highest common factor of 776727 and 2961.
63
What is the highest common factor of 412077064 and 49?
49
What is the greatest common factor of 960 and 761820?
60
What is the highest common factor of 10340845 and 16245?
1805
What is the highest common divisor of 485119474 and 28?
14
What is the greatest common divisor of 24808343 and 31669?
2879
Calculate the greatest common factor of 848862 and 84.
42
What is the highest common factor of 15368071 and 24725?
989
What is the highest common divisor of 1994471 and 3?
1
What is the greatest common factor of 68243265 and 31610?
545
Calculate the greatest common factor of 62103769 and 91.
91
Calculate the greatest common factor of 434 and 41588174.
62
What is the highest common divisor of 806340 and 29993?
89
What is the highest common divisor of 1721433 and 6?
3
Calculate the highest common factor of 210 and 30532920.
30
What is the greatest common divisor of 15 and 895190?
5
Calculate the greatest common factor of 558288 and 106032.
48
Calculate the highest common factor of 817 and 48963.
19
What is the highest common divisor of 74 and 99810312?
74
What is the highest common factor of 506368 and 937572?
3956
What is the highest common divisor of 6806884 and 140?
28
Calculate the greatest common divisor of 4264 and 51371606.
1066
Calculate the greatest common divisor of 212579720 and 56.
8
What is the greatest common factor of 13006419 and 1362?
681
Calculate the greatest common factor of 3228912 and 176256.
2448
Calculate the greatest common factor of 2290162 and 1855.
7
What is the highest common divisor of 228 and 90409524?
228
Calculate the greatest common factor of 541596 and 2888139.
1119
Calculate the greatest common divisor of 53631133 and 89.
89
Calculat